rime factors of (46/(-8))/((-1)/o)?
23
Suppose -3*m - 315 = 2*m. Let v = m - -75. List the prime factors of v.
2, 3
Suppose d - 3*n + 13 = 408, d - 370 = -2*n. Suppose 5*t - t = d. List the prime factors of t.
5, 19
Let u be (-5)/6 - (-9)/(-54). Let o be u - -1*(-16)/(-4). Suppose -2*p = o*l + 5, -3*l = -4*p - 0*l + 35. List the prime factors of p.
5
Let m = -75 + 42. Let b = m - -40. What are the prime factors of b?
7
Suppose 0*v + 150 = 5*v. Suppose -50 = 4*w + v. Let x = w + 23. List the prime factors of x.
3
Let y be -356*((1 - 0)*1 + -2). Suppose q - 3*l + 255 = 4*q, -4*q + y = -4*l. What are the prime factors of q?
3, 29
Suppose 45*s - 59632 - 2648 = 0. What are the prime factors of s?
2, 173
Let q = 17 - 15. Suppose -m - 4 = 0, q*m = 3*y - 73 - 19. Suppose -37 - y = -5*d. List the prime factors of d.
13
Suppose -3*s - 2*t = s - 2854, 0 = -2*s - 5*t + 1431. List the prime factors of s.
23, 31
List the prime factors of (3 - 2)/((-2)/(-954)*1).
3, 53
Let j(l) = 5*l**2 + 3*l + 2*l**3 - 2 - 4*l**2 - 3*l**3. Let m be j(3). Let d = m - -50. What are the prime factors of d?
3, 13
Suppose q + 4*q - 105 = 5*d, 0 = -4*q + 3*d + 83. List the prime factors of ((-6)/q*-16)/(1/10).
2, 3
Suppose 8*x = 1868 + 6756. List the prime factors of x.
2, 7, 11
Let a = 113 - 67. Suppose 2*r = -5*w + a + 52, 4*r - 206 = -5*w. What are the prime factors of r?
2, 3
Suppose b + 43 + 65 = 0. Let y be b/(-45) + 2/(-5). Suppose 44 - 146 = -y*h. What are the prime factors of h?
3, 17
Let t(a) = a**2 - 2*a - 3. Let r = 10 - 12. Let z be t(r). Suppose 3*c - z*y - 40 = c, 8 = -2*y. What are the prime factors of c?
2, 5
Let m = -2659 + 3811. List the prime factors of m.
2, 3
Let v = -2434 - -6219. List the prime factors of v.
5, 757
Suppose -2*h + v = -3*v - 22, 2*v = 8. Suppose -21 = -6*d + 45. Let n = h - d. List the prime factors of n.
2
Let z(n) = -37*n**3 - n**2 - 6*n - 11. What are the prime factors of z(-2)?
293
Let m(j) = -7*j**2 + 10*j - 17. Let k(s) = 14*s**2 - 21*s + 35. Let q(t) = -3*k(t) - 7*m(t). What are the prime factors of q(4)?
2, 7
Suppose 5*d - 16447 = -4*f, -2*d + 5858 = f + 1747. List the prime factors of f.
3, 457
Suppose 5062 = o + 4*r, -15218 = -3*o + 3*r - 7*r. What are the prime factors of o?
2, 2539
Suppose 2*v = 4*v - 6. Suppose 5*i + 52 + 7 = 2*q, 3*q + v*i - 57 = 0. List the prime factors of q.
2, 11
Let r(z) = 29*z**2 + 9*z - 21. What are the prime factors of r(5)?
7, 107
Suppose -66 = 2*i + i. Let u(b) = -30*b - 18. Let c be u(-2). Let s = c + i. What are the prime factors of s?
2, 5
Suppose -r = -0*a - 2*a + 31, -3*r - 9 = 0. What are the prime factors of a/28 - (-3)/2?
2
Let n = 96 - 55. List the prime factors of n.
41
Suppose 0 = -j + 23 - 2. Let x = -10 + j. Let s(w) = w**2 - 3*w - 18. List the prime factors of s(x).
2, 5, 7
Let o(p) = 11*p**2 + 6*p - 3. List the prime factors of o(-3).
2, 3, 13
What are the prime factors of (-6483)/(-2)*(-262)/(-393)?
2161
Let a be -1 + 5 + -2 + 17. Let r be a*2*4/8. Suppose -3*n + 29 = -r. List the prime factors of n.
2
Let r(w) = -14*w**3 + 3*w**2 + 4*w. Let t be r(-2). Suppose n + n = t. List the prime factors of n.
2, 29
Suppose -13*w + 4092 - 426 = 0. What are the prime factors of w?
2, 3, 47
Suppose 20021 + 8085 = 23*t. What are the prime factors of t?
2, 13, 47
Let f be ((-18)/(-4))/(3/4). What are the prime factors of ((-4)/3)/(-1)*639/f?
2, 71
Suppose 2 = v - 0*v. List the prime factors of 43 - 1 - (v - 0).
2, 5
Let o = 121 - 202. Let u(c) = 8*c + 158. Let j be u(-27). Let k = j - o. List the prime factors of k.
23
Let g = -103 - -104. What are the prime factors of (-10)/(-15)*-6 + 41 + g?
2, 19
What are the prime factors of 11 - 450/42 - 23502/(-14)?
23, 73
Suppose 0 = -2*j - 10, j = 3*y - 3*j + 16. What are the prime factors of 932/8 - (-18)/y?
5, 23
Suppose 78 = 3*m - 153. Suppose 5*c + 32 - m = 0. List the prime factors of c.
3
Suppose -4953 = 10*o - 13*o. What are the prime factors of o?
13, 127
Suppose -8*v + 21 = -7*v. Suppose -7 = n - v. List the prime factors of n.
2, 7
Let v = 3256 - 1882. List the prime factors of v.
2, 3, 229
Let j(w) = 14*w**2 - 24*w + 115. List the prime factors of j(6).
5, 19
Let j be (-2)/(-5) - 365/(-25). List the prime factors of 999/j + (-2)/10*-2.
67
What are the prime factors of (188/6)/((-7364)/(-525) + -14)?
5, 47
Let h(o) = o**3 - 22*o**2 + 2*o - 40. Let j be h(22). Suppose 0 = 3*s + 4*g - j, 3*g + 5 = 2*s - 9. What are the prime factors of s?
2
Let f(c) = 2*c - 5. Let b be f(4). Suppose 5*q + 4*x - 118 = b*q, -q + 57 = 4*x. What are the prime factors of q?
61
Suppose -4*k - r = -460, r - 344 = k - 4*k. List the prime factors of k.
2, 29
Let i(c) be the second derivative of -1/3*c**4 - 5*c + 1/20*c**5 - 2/3*c**3 + 0 + 7/2*c**2. What are the prime factors of i(5)?
2, 3
Let q = -126 - -230. Let h = q - -43. List the prime factors of h.
3, 7
What are the prime factors of (-54)/(-15) + -3 + 81970/50?
2, 5, 41
Let m(l) be the first derivative of -l**3/3 + l**2/2 + l - 6. Let n(r) = 2*r**2 + 8*r + 5. Let b(d) = -m(d) - n(d). List the prime factors of b(-8).
2
Let f be 2230/14 - (-4)/(-14). Let y = f - 113. What are the prime factors of y?
2, 23
Suppose -2*m - m + 5*q = -110, 0 = 2*m + 4*q - 44. Suppose -97 = -2*t - 5*g, 3*g = t - 13 - m. List the prime factors of t.
2, 23
Let r = 13 + -9. Let w = 8 - 2. Suppose 0 = -3*d - v + w, r*v + 12 = d + v. What are the prime factors of d?
3
Let w = -46 + 27. Let v = -9 - w. List the prime factors of v.
2, 5
Suppose 4*a - 3 = 4*i + 13, 17 = 5*a - 2*i. Let u be (-3 + a - 1)*-3. Suppose 56 = -2*x + u*x. List the prime factors of x.
2, 7
Suppose -1 = -b, 3*m + 591 - 1712 = -5*b. What are the prime factors of m?
2, 3, 31
Let y(a) = a + 1. Let q(c) = -10*c - 5. Let s(j) = q(j) + y(j). List the prime factors of s(-2).
2, 7
Suppose 5*d - 942 = 2*b + 727, -5*d = 3*b - 1659. What are the prime factors of d?
3, 37
Let a(h) = h**3 + 5*h**2 + 3. Suppose 4*j - 25 = -j. Suppose -j*t = 4 + 16. What are the prime factors of a(t)?
19
Suppose 149*j + 10956 = 155*j. What are the prime factors of j?
2, 11, 83
Let l(n) = 3*n**3 + 19*n**2 - 19*n - 38. Let b(p) = -p**3 - 9*p**2 + 9*p + 19. Let h(j) = 5*b(j) + 2*l(j). List the prime factors of h(7).
2, 17
Let x be 6*2*(-4)/(-16). Suppose s - 4 = 2*s + 3*r, -3*s + 6 = x*r. Suppose -3*c = -4*k + 93, 2 - s = c. List the prime factors of k.
3, 7
Suppose 6*v = v - 3*c - 14, -4 = -2*c. Let j = 6 + v. Suppose -j*i = -5*i + 27. List the prime factors of i.
3
Let o = -33 - -47. Let u(g) = -g**3 + 15*g**2 - 6*g - 13. Let h be u(o). Suppose 2*p + 3*m = 59, -2*p + 5*m = -0*p - h. List the prime factors of p.
37
Let c(i) = -15*i + 32. Let n(v) = -16*v + 33. Let w(y) = -4*c(y) + 3*n(y). List the prime factors of w(13).
127
Suppose 10*m - 280 = 2630. What are the prime factors of m?
3, 97
Suppose -74*s + 12*s + 6076 = 0. What are the prime factors of s?
2, 7
Let b(l) = -l - 10. Let h be b(-14). Let i be (-3)/(-12) + 43/h. List the prime factors of (-6)/(-33) + 317/i.
29
Suppose 193 = -3*d + 601. Suppose -2*c = 2*c - d. List the prime factors of c.
2, 17
Suppose 0*y - m = -y + 58, -2*y = -m - 120. Suppose -n + y = -0*n. What are the prime factors of n?
2, 31
Let t be (2 + (-204)/(-10))/(2/55). Suppose -2*q + m = 3*m - 306, -t = -4*q - 2*m. What are the prime factors of q?
5, 31
Let x = -27 - -27. Suppose -9*b + 134 + 649 = x. What are the prime factors of b?
3, 29
Let o = -37 + 53. What are the prime factors of (532/o)/(3/12)?
7, 19
Let g(p) be the second derivative of p**4 - p**3/6 - 3*p. Let s = 2 - 1. What are the prime factors of g(s)?
11
Suppose 8*a = -4*a + 5868. List the prime factors of a.
3, 163
Let a be (45 + -24)*(-1)/3. Let p = 42 + a. List the prime factors of p.
5, 7
Let i(a) = -2*a**2 - 21*a + 15. Let d be i(-11). Let u = d - -90. What are the prime factors of u?
2, 47
Suppose 0 = 6*r - 9*r + 5733. What are the prime factors of r?
3, 7, 13
Suppose -24*p + 2477 = -11227. List the prime factors of p.
571
Let b be (2 + -5)/((-2)/(1704/9)). Suppose 3*q - b = -5*j, 4*j + 4 = q - 119. List the prime factors of q.
103
List the prime factors of (-459)/(((-2)/(-4))/(1/(-2))).
3, 17
Let y(d) = -d**3 + 11*d**2 - 15. Let f be y(11). Let n be ((-52)/10)/(3/f). Suppose m + m = n. List the prime factors o